test common divisor of 711 and 261.
9
What is the greatest common factor of 12 and 484?
4
Calculate the highest common divisor of 20 and 320.
20
Calculate the highest common divisor of 4 and 2.
2
Calculate the highest common divisor of 5069 and 185.
37
What is the highest common factor of 40 and 340?
20
Calculate the greatest common factor of 2581 and 493.
29
What is the greatest common divisor of 10 and 23710?
10
Calculate the greatest common factor of 176 and 3184.
16
What is the highest common factor of 1565 and 16589?
313
Calculate the highest common factor of 1580 and 700.
20
Calculate the greatest common divisor of 68 and 2227.
17
Calculate the greatest common divisor of 664 and 232.
8
Calculate the greatest common factor of 360 and 610.
10
What is the greatest common divisor of 2318 and 1862?
38
What is the highest common divisor of 210 and 140?
70
Calculate the highest common factor of 111 and 81.
3
Calculate the highest common divisor of 12 and 1800.
12
Calculate the greatest common factor of 57 and 817.
19
What is the highest common divisor of 244 and 16?
4
What is the greatest common divisor of 12 and 148?
4
What is the greatest common divisor of 188 and 4512?
188
What is the greatest common divisor of 120 and 970?
10
Calculate the highest common factor of 623 and 267.
89
Calculate the greatest common factor of 300 and 700.
100
What is the greatest common divisor of 301 and 7?
7
What is the greatest common divisor of 188 and 1128?
188
Calculate the highest common divisor of 2 and 16.
2
Calculate the highest common divisor of 1564 and 368.
92
Calculate the highest common factor of 52 and 5668.
52
What is the greatest common divisor of 80 and 944?
16
What is the highest common factor of 38 and 1292?
38
What is the highest common divisor of 275 and 75?
25
What is the highest common factor of 702 and 4?
2
What is the highest common factor of 216 and 6?
6
What is the highest common factor of 91 and 13?
13
Calculate the highest common factor of 2 and 3.
1
Calculate the highest common factor of 70 and 230.
10
Calculate the highest common factor of 54 and 3834.
54
What is the highest common divisor of 243 and 33777?
243
What is the highest common factor of 66 and 132?
66
Calculate the highest common factor of 34 and 2057.
17
Calculate the highest common factor of 288 and 36.
36
Calculate the highest common factor of 60 and 96.
12
What is the highest common divisor of 4446 and 9234?
342
Calculate the greatest common divisor of 1 and 13.
1
What is the highest common divisor of 68 and 3383?
17
What is the highest common factor of 135 and 2304?
9
What is the greatest common factor of 2106 and 26?
26
Calculate the greatest common factor of 165 and 121.
11
What is the greatest common factor of 324 and 1404?
108
What is the greatest common factor of 71 and 639?
71
What is the highest common factor of 48 and 11112?
24
What is the highest common factor of 1474 and 88?
22
What is the highest common factor of 31126 and 158?
158
What is the highest common divisor of 893 and 57?
19
What is the highest common factor of 3 and 82?
1
Calculate the highest common factor of 24 and 21.
3
Calculate the greatest common divisor of 9 and 9.
9
What is the greatest common factor of 114 and 190?
38
What is the highest common divisor of 34 and 17?
17
What is the highest common divisor of 28 and 52?
4
Calculate the greatest common divisor of 260 and 1280.
20
Calculate the greatest common factor of 14 and 378.
14
What is the highest common divisor of 12806 and 38?
38
What is the highest common divisor of 24 and 1620?
12
What is the greatest common divisor of 10 and 76070?
10
Calculate the highest common factor of 87 and 3.
3
What is the highest common factor of 12 and 9948?
12
Calculate the greatest common divisor of 30 and 130.
10
Calculate the greatest common divisor of 155 and 59210.
155
Calculate the greatest common factor of 752 and 24.
8
Calculate the greatest common divisor of 294 and 3136.
98
What is the highest common divisor of 95778 and 306?
306
What is the greatest common divisor of 28067 and 13?
13
What is the highest common factor of 57 and 95?
19
Calculate the highest common divisor of 133 and 217.
7
What is the highest common divisor of 2256 and 96?
48
What is the greatest common divisor of 30 and 620?
10
What is the highest common divisor of 360 and 3000?
120
Calculate the highest common factor of 5125 and 615.
205
Calculate the greatest common factor of 6045 and 975.
195
Calculate the highest common factor of 7 and 56.
7
What is the greatest common factor of 924 and 176?
44
What is the highest common divisor of 852 and 12?
12
Calculate the highest common divisor of 4595 and 10.
5
What is the greatest common divisor of 3 and 356?
1
What is the highest common divisor of 245 and 30?
5
Calculate the highest common divisor of 60 and 2680.
20
Calculate the greatest common factor of 1649 and 17.
17
Calculate the highest common factor of 583 and 44.
11
Calculate the greatest common divisor of 255 and 45.
15
Calculate the highest common divisor of 192 and 2784.
96
Calculate the greatest common divisor of 32 and 2.
2
What is the greatest common divisor of 122 and 1159?
61
What is the highest common divisor of 6831 and 11?
11
Calculate the greatest common factor of 119 and 136.
17
Calculate the greatest common divisor of 48 and 1134.
6
Calculate the greatest common divisor of 2080 and 130.
130
What is the greatest common factor of 408 and 312?
24
What is the highest common factor of 208 and 1352?
104
What is the greatest common divisor of 36 and 243?
9
Calculate the highest common factor of 30 and 222.
6
What is the greatest common factor of 413 and 42126?
413
Calculate the highest common factor of 110 and 2090.
110
What is the greatest common factor of 106 and 36994?
106
Calculate the greatest common divisor of 295 and 10.
5
Calculate the greatest common factor of 3267 and 81.
27
What is the highest common factor of 135 and 85?
5
What is the highest common factor of 87 and 29?
29
What is the highest common factor of 91 and 1469?
13
Calculate the highest common divisor of 1690 and 13.
13
What is the greatest common divisor of 1462 and 51?
17
Calculate the highest common factor of 220 and 330.
110
What is the greatest common factor of 434 and 896?
14
What is the highest common divisor of 92 and 2921?
23
Calculate the greatest common factor of 75 and 510.
15
Calculate the greatest common divisor of 28462 and 266.
266
What is the highest common factor of 1060 and 40?
20
Calculate the greatest common factor of 39 and 559.
13
Calculate the greatest common factor of 500 and 150.
50
Calculate the greatest common divisor of 82 and 533.
41
Calculate the highest common divisor of 368 and 80.
16
Calculate the greatest common factor of 15 and 195.
15
What is the greatest common divisor of 45 and 3840?
15
What is the greatest common factor of 168 and 728?
56
What is the greatest common factor of 117 and 78?
39
Calculate the highest common divisor of 50350 and 19.
19
What is the greatest common divisor of 1596 and 12?
12
Calculate the greatest common divisor of 23430 and 284.
142
What is the highest common factor of 2532 and 36?
12
What is the greatest common factor of 1844 and 20?
4
What is the highest common divisor of 468 and 36?
36
What is the greatest common divisor of 962 and 26?
26
What is the highest common divisor of 15 and 3795?
15
What is the greatest common divisor of 987 and 12173?
329
What is the highest common factor of 4729 and 2?
1
Calculate the highest common divisor of 36 and 6012.
36
Calculate the highest common factor of 441 and 14.
7
Calculate the greatest common factor of 1431 and 27.
27
Calculate the highest common divisor of 4 and 188.
4
What is the greatest common factor of 1261 and 97?
97
What is the greatest common factor of 54 and 1647?
27
Calculate the greatest common divisor of 13 and 3328.
13
Calculate the highest common divisor of 68 and 28.
4
Calculate the greatest common divisor of 110 and 3795.
55
Calculate the greatest common divisor of 35 and 85.
5
Calculate the highest common factor of 792 and 99.
99
Calculate the highest common factor of 1081 and 141.
47
What is the highest common factor of 52 and 845?
13
Calculate the greatest comm